he prime factors of 1475582?
2, 641, 1151
List the prime factors of 9511547.
61, 241, 647
What are the prime factors of 8416491?
3, 2805497
List the prime factors of 825137.
29, 37, 769
List the prime factors of 1309804.
2, 23, 619
List the prime factors of 63066.
2, 3, 23, 457
List the prime factors of 272461.
7, 38923
What are the prime factors of 5495155?
5, 1099031
What are the prime factors of 1300131?
3, 7, 2293
List the prime factors of 3850484.
2, 11, 87511
What are the prime factors of 194123?
17, 19, 601
List the prime factors of 386515.
5, 23, 3361
What are the prime factors of 3422575?
5, 13, 10531
What are the prime factors of 2678703?
3, 892901
List the prime factors of 400461.
3, 29, 4603
What are the prime factors of 580319?
29, 20011
What are the prime factors of 89403?
3, 17, 1753
What are the prime factors of 400750?
2, 5, 7, 229
List the prime factors of 67550.
2, 5, 7, 193
List the prime factors of 212060.
2, 5, 23, 461
List the prime factors of 4204754.
2, 37, 56821
List the prime factors of 29056152.
2, 3, 47, 25759
List the prime factors of 23661595.
5, 23, 61, 3373
List the prime factors of 289997.
19, 15263
List the prime factors of 185334.
2, 3, 17, 23, 79
List the prime factors of 39545880.
2, 3, 5, 11, 29959
What are the prime factors of 16440331?
23, 714797
What are the prime factors of 418667?
418667
What are the prime factors of 2467438?
2, 727, 1697
List the prime factors of 1266033.
3, 397, 1063
What are the prime factors of 6543576?
2, 3, 13, 6991
What are the prime factors of 6297975?
3, 5, 23, 1217
What are the prime factors of 25062766?
2, 12531383
What are the prime factors of 10653771?
3, 3551257
What are the prime factors of 745931?
745931
What are the prime factors of 62911?
53, 1187
What are the prime factors of 274017?
3, 241, 379
List the prime factors of 27835338.
2, 3, 73, 103, 617
List the prime factors of 510173.
59, 8647
List the prime factors of 645794.
2, 23, 101, 139
What are the prime factors of 5294083?
5294083
What are the prime factors of 12101497?
29, 417293
What are the prime factors of 8808975?
3, 5, 7, 17, 47
List the prime factors of 2644963.
71, 37253
What are the prime factors of 4196823?
3, 937, 1493
List the prime factors of 21228.
2, 3, 29, 61
List the prime factors of 2298175.
5, 11, 61, 137
List the prime factors of 339042.
2, 3, 11, 467
List the prime factors of 2271371.
389, 5839
List the prime factors of 1104751.
1104751
List the prime factors of 196780.
2, 5, 9839
What are the prime factors of 2272483?
2272483
List the prime factors of 7132794.
2, 3, 227, 5237
What are the prime factors of 12889098?
2, 3, 37, 6451
What are the prime factors of 1570266?
2, 3, 359
List the prime factors of 11591092.
2, 307, 9439
What are the prime factors of 3085741?
3085741
What are the prime factors of 29026?
2, 23, 631
What are the prime factors of 2119887?
3, 7, 11, 19, 23
List the prime factors of 876381.
3, 11, 26557
List the prime factors of 1000954.
2, 43, 103, 113
What are the prime factors of 2329483?
13, 29, 37, 167
List the prime factors of 1006232.
2, 73, 1723
What are the prime factors of 11005429?
617, 17837
List the prime factors of 12613.
12613
What are the prime factors of 8952129?
3, 23, 59, 733
List the prime factors of 216492.
2, 3, 18041
List the prime factors of 19651842.
2, 3, 7, 1061
What are the prime factors of 795118?
2, 179, 2221
List the prime factors of 21206619.
3, 7, 336613
What are the prime factors of 33279?
3, 11093
What are the prime factors of 1790968?
2, 211, 1061
List the prime factors of 1605316.
2, 401329
What are the prime factors of 15939701?
173, 199, 463
List the prime factors of 2165977.
11, 196907
List the prime factors of 385675.
5, 15427
What are the prime factors of 5897948?
2, 7, 37, 5693
List the prime factors of 153473.
167, 919
What are the prime factors of 152727?
3, 50909
What are the prime factors of 384802?
2, 11, 17491
List the prime factors of 139773.
3, 46591
List the prime factors of 2792335.
5, 7, 13, 17, 19
What are the prime factors of 732604?
2, 183151
List the prime factors of 118779.
3, 17, 137
List the prime factors of 20039787.
3, 17, 227, 577
What are the prime factors of 554080?
2, 5, 3463
What are the prime factors of 15674482?
2, 7837241
What are the prime factors of 660890?
2, 5, 66089
What are the prime factors of 5115560?
2, 5, 19, 53, 127
What are the prime factors of 4959598?
2, 7, 354257
What are the prime factors of 969384?
2, 3, 13, 239
What are the prime factors of 2094088?
2, 261761
What are the prime factors of 4744589?
4744589
What are the prime factors of 8495068?
2, 2123767
What are the prime factors of 88715?
5, 11, 1613
List the prime factors of 11624904.
2, 3, 53819
List the prime factors of 231049.
7, 13, 2539
What are the prime factors of 1222535?
5, 244507
List the prime factors of 4911297.
3, 173, 9463
List the prime factors of 1842589.
7, 263227
What are the prime factors of 2399616?
2, 3, 2083
List the prime factors of 1385402.
2, 149, 4649
List the prime factors of 228173.
11, 20743
What are the prime factors of 1730743?
7, 247249
What are the prime factors of 261365?
5, 13, 4021
List the prime factors of 10527601.
7, 214849
List the prime factors of 1489580.
2, 5, 71, 1049
List the prime factors of 354987.
3, 39443
What are the prime factors of 703493?
7, 293
List the prime factors of 243894.
2, 3, 7, 5807
List the prime factors of 1410807.
3, 19, 53, 467
List the prime factors of 44541.
3, 7, 101
What are the prime factors of 4909613?
29, 79, 2143
List the prime factors of 34419948.
2, 3, 71, 569
List the prime factors of 4100484.
2, 3, 29, 11783
List the prime factors of 8283481.
8283481
What are the prime factors of 3901308?
2, 3, 19, 71, 241
List the prime factors of 2048717.
11, 186247
What are the prime factors of 369227?
19, 19433
What are the prime factors of 7373430?
2, 3, 5, 9103
What are the prime factors of 53967?
3, 17989
List the prime factors of 8376879.
3, 7, 59, 6761
List the prime factors of 9263337.
3, 1319, 2341
What are the prime factors of 183980?
2, 5, 9199
List the prime factors of 645169.
7, 37, 47, 53
What are the prime factors of 3480914?
2, 19, 47, 1949
List the prime factors of 18966113.
18966113
List the prime factors of 53831.
53831
What are the prime factors of 2383189?
19, 43, 2917
List the prime factors of 625736.
2, 17, 43, 107
List the prime factors of 140577.
3, 47, 997
What are the prime factors of 1171443?
3, 7, 13, 613
List the prime factors of 13119406.
2, 6559703
What are the prime factors of 933873?
3, 311291
What are the prime factors of 911208?
2, 3, 37967
List the prime factors of 14487896.
2, 1319, 1373
List the prime factors of 547464.
2, 3, 22811
List the prime factors of 6624636.
2, 3, 552053
List the prime factors of 843561.
3, 157, 199
List the prime factors of 344060.
2, 5, 17203
What are the prime factors of 5097924?
2, 3, 13, 3631
List the prime factors of 1017159.
3, 11, 13, 2371
List the prime factors of 1125633.
3, 61, 6151
List the prime factors of 37638775.
5, 47, 103, 311
What are the prime factors of 2032064?
2, 31751
List the prime factors of 795370.
2, 5, 79537
List the prime factors of 52516.
2, 19, 691
What are the prime factors of 1716524?
2, 17, 25243
What are the prime factors of 25413917?
25413917
What are the prime factors of 2360914?
2, 587, 2011
What are the prime factors of 1112947?
11, 23, 53, 83
What are the prime factors of 21568398?
2, 3, 3594733
What are the prime factors of 3081498?
2, 3, 7, 73369
What are the prime factors of 110740?
2, 5, 7, 113
What are the prime factors of 7436049?
3, 19, 130457
List the prime factors of 277555.
5, 55511
What are the prime factors of 277330?
2, 5, 27733
List the prime factors of 1700753.
31, 83, 661
List the prime factors of 2403820.
2, 5, 263, 457
What are the prime factors of 74467?
113, 659
What are the prime factors of 1006299?
3, 7, 15973
What are the prime factors of 906154?
2, 23, 19699
What are the prime factors of 56955?
3, 5, 3797
List the prime factors of 287102.
2, 143551
List the prime factors of 15074116.
2, 3768529
List the prime factors of 6232379.
23, 270973
What are the prime factors of 946332?
2, 3, 97, 271
List the prime factors of 520040.
2, 5, 13001
